{"id":90,"date":"2018-11-14T12:16:59","date_gmt":"2018-11-14T09:16:59","guid":{"rendered":"http:\/\/www.ted.com.tr\/?page_id=90"},"modified":"2018-11-14T15:22:51","modified_gmt":"2018-11-14T12:22:51","slug":"misyon-vizyon","status":"publish","type":"page","link":"https:\/\/www.ted.com.tr\/index.php\/hakkimizda\/misyon-vizyon\/","title":{"rendered":"Misyon &#038; Vizyon"},"content":{"rendered":"<p><strong>M\u0130SYON<\/strong><\/p>\n<p>Ted Elektronik-Ayd\u0131nlatma ve M\u00fchendislik hizmetleri\u00a0 olarak\u00a0 Ayd\u0131nlatma- Elektrik &#8211; Mekanik sistemler \u00e7er\u00e7evesinde\u00a0 m\u00fc\u015fterilerimize kaliteli ve \u00e7evreye duyarl\u0131 bir hizmet sunmay\u0131 hedefler. Bu ba\u011flamda ayd\u0131nlatma, elektrik ve mekanik malzeme imalat\u0131,tedari\u011fi ve hizmeti veren Ted Elektronik m\u00fc\u015fterilerine ve hayata de\u011fer katmay\u0131 misyon edinmi\u015ftir.<\/p>\n<p><strong>V\u0130ZYON<\/strong><\/p>\n<p>Evrensel kalite ve standartlarda, katma de\u011feri y\u00fcksek \u00fcr\u00fcn ve hizmet sunmay\u0131 benimser.<\/p>\n","protected":false},"excerpt":{"rendered":"<p>M\u0130SYON Ted Elektronik-Ayd\u0131nlatma ve M\u00fchendislik hizmetleri\u00a0 olarak\u00a0 Ayd\u0131nlatma- Elektrik &#8211; Mekanik sistemler \u00e7er\u00e7evesinde\u00a0 m\u00fc\u015fterilerimize kaliteli ve \u00e7evreye duyarl\u0131 bir hizmet sunmay\u0131 hedefler. Bu ba\u011flamda ayd\u0131nlatma, elektrik ve mekanik malzeme imalat\u0131,tedari\u011fi ve hizmeti veren Ted Elektronik m\u00fc\u015fterilerine ve hayata de\u011fer katmay\u0131 misyon edinmi\u015ftir. V\u0130ZYON Evrensel kalite ve standartlarda, katma de\u011feri y\u00fcksek \u00fcr\u00fcn ve hizmet sunmay\u0131 benimser.<\/p>\n","protected":false},"author":1,"featured_media":0,"parent":9,"menu_order":0,"comment_status":"closed","ping_status":"closed","template":"","meta":{"footnotes":""},"class_list":["post-90","page","type-page","status-publish","hentry"],"_links":{"self":[{"href":"https:\/\/www.ted.com.tr\/index.php\/wp-json\/wp\/v2\/pages\/90","targetHints":{"allow":["GET"]}}],"collection":[{"href":"https:\/\/www.ted.com.tr\/index.php\/wp-json\/wp\/v2\/pages"}],"about":[{"href":"https:\/\/www.ted.com.tr\/index.php\/wp-json\/wp\/v2\/types\/page"}],"author":[{"embeddable":true,"href":"https:\/\/www.ted.com.tr\/index.php\/wp-json\/wp\/v2\/users\/1"}],"replies":[{"embeddable":true,"href":"https:\/\/www.ted.com.tr\/index.php\/wp-json\/wp\/v2\/comments?post=90"}],"version-history":[{"count":6,"href":"https:\/\/www.ted.com.tr\/index.php\/wp-json\/wp\/v2\/pages\/90\/revisions"}],"predecessor-version":[{"id":198,"href":"https:\/\/www.ted.com.tr\/index.php\/wp-json\/wp\/v2\/pages\/90\/revisions\/198"}],"up":[{"embeddable":true,"href":"https:\/\/www.ted.com.tr\/index.php\/wp-json\/wp\/v2\/pages\/9"}],"wp:attachment":[{"href":"https:\/\/www.ted.com.tr\/index.php\/wp-json\/wp\/v2\/media?parent=90"}],"curies":[{"name":"wp","href":"https:\/\/api.w.org\/{rel}","templated":true}]}}