{"id":9,"date":"2018-11-14T10:02:47","date_gmt":"2018-11-14T07:02:47","guid":{"rendered":"http:\/\/ted.com.tr\/?page_id=9"},"modified":"2018-11-14T12:42:19","modified_gmt":"2018-11-14T09:42:19","slug":"hakkimizda","status":"publish","type":"page","link":"https:\/\/www.ted.com.tr\/index.php\/hakkimizda\/","title":{"rendered":"Hakk\u0131m\u0131zda"},"content":{"rendered":"<p>2008 y\u0131l\u0131nda kurulan TED D\u0131\u015f Tic. \u015firketinde, m\u00fc\u015fteri ihtiya\u00e7lar\u0131na g\u00f6re olu\u015fturulmu\u015f ve geni\u015fletilen portf\u00f6yde, ayd\u0131nlatma grubu imalat\u0131, ithalat\u0131, ihracat\u0131 yap\u0131lmaktad\u0131r. Toptan ve perakende sat\u0131\u015f mevcuttur.<\/p>\n<p>Kamudan ve otellerden al\u0131nan projelerin de\u011ferlendirilmesi, teknik \u015fartnamelerin haz\u0131rlanmas\u0131, fiyatland\u0131r\u0131lmas\u0131, fizibilite \u00e7al\u0131\u015fmalar\u0131n\u0131n yap\u0131lmas\u0131, tedarik\u00e7i analizi, \u00fcretimi, proje kabullerini yapmaktay\u0131z.<\/p>\n<p>Kamu projelerindeki f\u0131rsatlar dolay\u0131s\u0131yla OG h\u00fccreleri, da\u011f\u0131t\u0131m panolar\u0131, ayd\u0131nlatma direkleri, yer\u00fcst\u00fc-yeralt\u0131 kablolama, enerji projelendirme gibi hizmetler de veriyoruz.<\/p>\n<p>Toptanc\u0131lar \u00c7ar\u015f\u0131s\u0131&#8217;nda yer alan firmam\u0131zda hala \u00fcretim ve sat\u0131\u015f yap\u0131lmakta; sat\u0131\u015f sonras\u0131 bak\u0131m onar\u0131m deste\u011fi verilmektedir.<\/p>\n","protected":false},"excerpt":{"rendered":"<p>2008 y\u0131l\u0131nda kurulan TED D\u0131\u015f Tic. \u015firketinde, m\u00fc\u015fteri ihtiya\u00e7lar\u0131na g\u00f6re olu\u015fturulmu\u015f ve geni\u015fletilen portf\u00f6yde, ayd\u0131nlatma grubu imalat\u0131, ithalat\u0131, ihracat\u0131 yap\u0131lmaktad\u0131r. Toptan ve perakende sat\u0131\u015f mevcuttur. Kamudan ve otellerden al\u0131nan projelerin de\u011ferlendirilmesi, teknik \u015fartnamelerin haz\u0131rlanmas\u0131, fiyatland\u0131r\u0131lmas\u0131, fizibilite \u00e7al\u0131\u015fmalar\u0131n\u0131n yap\u0131lmas\u0131, tedarik\u00e7i analizi, \u00fcretimi, proje kabullerini yapmaktay\u0131z. Kamu projelerindeki f\u0131rsatlar dolay\u0131s\u0131yla OG h\u00fccreleri, da\u011f\u0131t\u0131m panolar\u0131, ayd\u0131nlatma direkleri, yer\u00fcst\u00fc-yeralt\u0131 &hellip; <\/p>\n<p class=\"link-more\"><a href=\"https:\/\/www.ted.com.tr\/index.php\/hakkimizda\/\" class=\"more-link\">Continue reading<span class=\"screen-reader-text\"> &#8220;Hakk\u0131m\u0131zda&#8221;<\/span><\/a><\/p>\n","protected":false},"author":1,"featured_media":0,"parent":0,"menu_order":0,"comment_status":"closed","ping_status":"closed","template":"","meta":{"footnotes":""},"class_list":["post-9","page","type-page","status-publish","hentry"],"_links":{"self":[{"href":"https:\/\/www.ted.com.tr\/index.php\/wp-json\/wp\/v2\/pages\/9","targetHints":{"allow":["GET"]}}],"collection":[{"href":"https:\/\/www.ted.com.tr\/index.php\/wp-json\/wp\/v2\/pages"}],"about":[{"href":"https:\/\/www.ted.com.tr\/index.php\/wp-json\/wp\/v2\/types\/page"}],"author":[{"embeddable":true,"href":"https:\/\/www.ted.com.tr\/index.php\/wp-json\/wp\/v2\/users\/1"}],"replies":[{"embeddable":true,"href":"https:\/\/www.ted.com.tr\/index.php\/wp-json\/wp\/v2\/comments?post=9"}],"version-history":[{"count":4,"href":"https:\/\/www.ted.com.tr\/index.php\/wp-json\/wp\/v2\/pages\/9\/revisions"}],"predecessor-version":[{"id":112,"href":"https:\/\/www.ted.com.tr\/index.php\/wp-json\/wp\/v2\/pages\/9\/revisions\/112"}],"wp:attachment":[{"href":"https:\/\/www.ted.com.tr\/index.php\/wp-json\/wp\/v2\/media?parent=9"}],"curies":[{"name":"wp","href":"https:\/\/api.w.org\/{rel}","templated":true}]}}