{"id":581,"date":"2021-07-13T16:06:34","date_gmt":"2021-07-13T13:06:34","guid":{"rendered":"https:\/\/www.ted.com.tr\/?page_id=581"},"modified":"2021-07-15T04:05:22","modified_gmt":"2021-07-15T01:05:22","slug":"klasik-aydinlatma-direkleri","status":"publish","type":"page","link":"https:\/\/www.ted.com.tr\/index.php\/klasik-aydinlatma-direkleri\/","title":{"rendered":"Klasik Ayd\u0131nlatma Direkleri"},"content":{"rendered":"\n<table style=\"border-collapse: collapse; width: 100%; height: 290px;\">\n<tbody>\n<tr style=\"height: 188px;\">\n<td style=\"width: 14.2857%; text-align: center; height: 188px;\">\u00a0<\/td>\n<td style=\"width: 14.2857%; height: 188px; text-align: center;\">\u00a0<\/td>\n<td style=\"width: 14.2857%; height: 188px;\"><img decoding=\"async\" src=\"https:\/\/www.ted.com.tr\/wp-content\/uploads\/kd-3b-2.jpg\" alt=\"Bu g\u00f6rsel bo\u015f bir alt niteli\u011fe sahip; dosya ad\u0131 kd-3b-2.jpg\" \/><\/td>\n<td style=\"width: 14.2857%; height: 188px;\"><img decoding=\"async\" src=\"https:\/\/www.ted.com.tr\/wp-content\/uploads\/kd-4b-1.jpg\" alt=\"Bu g\u00f6rsel bo\u015f bir alt niteli\u011fe sahip; dosya ad\u0131 kd-4b-1.jpg\" \/><\/td>\n<td style=\"width: 14.2857%; height: 188px;\"><img decoding=\"async\" src=\"https:\/\/www.ted.com.tr\/wp-content\/uploads\/kd-5b-1.jpg\" alt=\"Bu g\u00f6rsel bo\u015f bir alt niteli\u011fe sahip; dosya ad\u0131 kd-5b-1.jpg\" \/><\/td>\n<td style=\"width: 14.2857%; height: 188px;\"><img decoding=\"async\" src=\"https:\/\/www.ted.com.tr\/wp-content\/uploads\/kd-6b-1.jpg\" alt=\"Bu g\u00f6rsel bo\u015f bir alt niteli\u011fe sahip; dosya ad\u0131 kd-6b-1.jpg\" \/><\/td>\n<td style=\"width: 14.2857%; height: 188px;\"><img decoding=\"async\" src=\"https:\/\/www.ted.com.tr\/wp-content\/uploads\/kd-7b-1.jpg\" alt=\"Bu g\u00f6rsel bo\u015f bir alt niteli\u011fe sahip; dosya ad\u0131 kd-7b-1.jpg\" \/><\/td>\n<\/tr>\n<tr style=\"height: 34px;\">\n<td style=\"width: 14.2857%; height: 34px;\"><img decoding=\"async\" src=\"https:\/\/www.ted.com.tr\/wp-content\/uploads\/kd-8b-1.jpg\" alt=\"Bu g\u00f6rsel bo\u015f bir alt niteli\u011fe sahip; dosya ad\u0131 kd-8b-1.jpg\" \/><\/td>\n<td style=\"width: 14.2857%; height: 34px;\"><img decoding=\"async\" src=\"https:\/\/www.ted.com.tr\/wp-content\/uploads\/kd-9b-1.jpg\" alt=\"Bu g\u00f6rsel bo\u015f bir alt niteli\u011fe sahip; dosya ad\u0131 kd-9b-1.jpg\" \/><\/td>\n<td style=\"width: 14.2857%; height: 34px;\"><img decoding=\"async\" src=\"https:\/\/www.ted.com.tr\/wp-content\/uploads\/kd-10b-1.jpg\" alt=\"Bu g\u00f6rsel bo\u015f bir alt niteli\u011fe sahip; dosya ad\u0131 kd-10b-1.jpg\" \/><\/td>\n<td style=\"width: 14.2857%; height: 34px;\"><img decoding=\"async\" src=\"https:\/\/www.ted.com.tr\/wp-content\/uploads\/kd-11b-1.jpg\" alt=\"Bu g\u00f6rsel bo\u015f bir alt niteli\u011fe sahip; dosya ad\u0131 kd-11b-1.jpg\" \/><\/td>\n<td style=\"width: 14.2857%; height: 34px;\"><img decoding=\"async\" src=\"https:\/\/www.ted.com.tr\/wp-content\/uploads\/kd-12b-1.jpg\" alt=\"Bu g\u00f6rsel bo\u015f bir alt niteli\u011fe sahip; dosya ad\u0131 kd-12b-1.jpg\" \/><\/td>\n<td style=\"width: 14.2857%; height: 34px;\"><img decoding=\"async\" src=\"https:\/\/www.ted.com.tr\/wp-content\/uploads\/kd-13b-1.jpg\" alt=\"Bu g\u00f6rsel bo\u015f bir alt niteli\u011fe sahip; dosya ad\u0131 kd-13b-1.jpg\" \/><\/td>\n<td style=\"width: 14.2857%; height: 34px;\"><img decoding=\"async\" src=\"https:\/\/www.ted.com.tr\/wp-content\/uploads\/kd-14b-1.jpg\" alt=\"Bu g\u00f6rsel bo\u015f bir alt niteli\u011fe sahip; dosya ad\u0131 kd-14b-1.jpg\" \/><\/td>\n<\/tr>\n<tr style=\"height: 34px;\">\n<td style=\"width: 14.2857%; height: 34px;\"><img decoding=\"async\" src=\"https:\/\/www.ted.com.tr\/wp-content\/uploads\/kd-15b-1.jpg\" alt=\"Bu g\u00f6rsel bo\u015f bir alt niteli\u011fe sahip; dosya ad\u0131 kd-15b-1.jpg\" \/><\/td>\n<td style=\"width: 14.2857%; height: 34px;\"><img decoding=\"async\" src=\"https:\/\/www.ted.com.tr\/wp-content\/uploads\/kd-16b-1.jpg\" alt=\"Bu g\u00f6rsel bo\u015f bir alt niteli\u011fe sahip; dosya ad\u0131 kd-16b-1.jpg\" \/><\/td>\n<td style=\"width: 14.2857%; height: 34px;\"><img decoding=\"async\" src=\"https:\/\/www.ted.com.tr\/wp-content\/uploads\/kd-17b-1.jpg\" alt=\"Bu g\u00f6rsel bo\u015f bir alt niteli\u011fe sahip; dosya ad\u0131 kd-17b-1.jpg\" \/><\/td>\n<td style=\"width: 14.2857%; height: 34px;\"><img decoding=\"async\" src=\"https:\/\/www.ted.com.tr\/wp-content\/uploads\/kd-18b-1.jpg\" alt=\"Bu g\u00f6rsel bo\u015f bir alt niteli\u011fe sahip; dosya ad\u0131 kd-18b-1.jpg\" \/><\/td>\n<td style=\"width: 14.2857%; height: 34px;\"><img decoding=\"async\" src=\"https:\/\/www.ted.com.tr\/wp-content\/uploads\/kd-19b-1.jpg\" alt=\"Bu g\u00f6rsel bo\u015f bir alt niteli\u011fe sahip; dosya ad\u0131 kd-19b-1.jpg\" \/><\/td>\n<td style=\"width: 14.2857%; height: 34px;\"><img decoding=\"async\" src=\"https:\/\/www.ted.com.tr\/wp-content\/uploads\/kd-20b-1.jpg\" alt=\"Bu g\u00f6rsel bo\u015f bir alt niteli\u011fe sahip; dosya ad\u0131 kd-20b-1.jpg\" \/><\/td>\n<td style=\"width: 14.2857%; height: 34px;\"><img decoding=\"async\" src=\"https:\/\/www.ted.com.tr\/wp-content\/uploads\/kd-21b-1.jpg\" alt=\"Bu g\u00f6rsel bo\u015f bir alt niteli\u011fe sahip; dosya ad\u0131 kd-21b-1.jpg\" \/><\/td>\n<\/tr>\n<tr style=\"height: 34px;\">\n<td style=\"width: 14.2857%; height: 34px;\"><img decoding=\"async\" src=\"https:\/\/www.ted.com.tr\/wp-content\/uploads\/kd-22b-1.jpg\" alt=\"Bu g\u00f6rsel bo\u015f bir alt niteli\u011fe sahip; dosya ad\u0131 kd-22b-1.jpg\" \/><\/td>\n<td style=\"width: 14.2857%; height: 34px;\"><img decoding=\"async\" src=\"https:\/\/www.ted.com.tr\/wp-content\/uploads\/kd-23b-1.jpg\" alt=\"Bu g\u00f6rsel bo\u015f bir alt niteli\u011fe sahip; dosya ad\u0131 kd-23b-1.jpg\" \/><\/td>\n<td style=\"width: 14.2857%; height: 34px;\"><img decoding=\"async\" src=\"https:\/\/www.ted.com.tr\/wp-content\/uploads\/kd-24b-1.jpg\" alt=\"Bu g\u00f6rsel bo\u015f bir alt niteli\u011fe sahip; dosya ad\u0131 kd-24b-1.jpg\" \/><\/td>\n<td style=\"width: 14.2857%; height: 34px;\">\u00a0<\/td>\n<td style=\"width: 14.2857%; height: 34px;\">\u00a0<\/td>\n<td style=\"width: 14.2857%; height: 34px;\">\u00a0<\/td>\n<td style=\"width: 14.2857%; height: 34px;\">\u00a0<\/td>\n<\/tr>\n<\/tbody>\n<\/table>\n\n\n\n<figure class=\"wp-block-image size-large\"><img decoding=\"async\" src=\"blob:https:\/\/www.ted.com.tr\/f0a23f35-661d-4aad-8f44-85c55cfb049a\" alt=\"\"\/><\/figure>\n\n\n\n<figure class=\"wp-block-image size-large\"><a href=\"https:\/\/www.ted.com.tr\/wp-content\/uploads\/kd-3b-1.jpg\"><img loading=\"lazy\" decoding=\"async\" width=\"124\" height=\"198\" src=\"https:\/\/www.ted.com.tr\/wp-content\/uploads\/kd-3b-2.jpg\" alt=\"\" class=\"wp-image-592\"\/><\/a><figcaption>KD-03<\/figcaption><\/figure>\n\n\n\n<figure class=\"wp-block-image size-large\"><a href=\"https:\/\/www.ted.com.tr\/wp-content\/uploads\/kd-4b.jpg\"><img loading=\"lazy\" decoding=\"async\" width=\"50\" height=\"150\" src=\"https:\/\/www.ted.com.tr\/wp-content\/uploads\/kd-4b-1.jpg\" alt=\"\" class=\"wp-image-593\"\/><\/a><figcaption>KD-04<\/figcaption><\/figure>\n\n\n\n<figure class=\"wp-block-image size-large\"><a href=\"https:\/\/www.ted.com.tr\/wp-content\/uploads\/kd-5b.jpg\"><img loading=\"lazy\" decoding=\"async\" width=\"53\" height=\"150\" src=\"https:\/\/www.ted.com.tr\/wp-content\/uploads\/kd-5b-1.jpg\" alt=\"\" class=\"wp-image-594\"\/><\/a><figcaption>KD-05<\/figcaption><\/figure>\n\n\n\n<figure class=\"wp-block-image size-large\"><a href=\"https:\/\/www.ted.com.tr\/wp-content\/uploads\/kd-6b.jpg\"><img loading=\"lazy\" decoding=\"async\" width=\"87\" height=\"150\" src=\"https:\/\/www.ted.com.tr\/wp-content\/uploads\/kd-6b-1.jpg\" alt=\"\" class=\"wp-image-595\"\/><\/a><figcaption>KD-06<\/figcaption><\/figure>\n\n\n\n<figure class=\"wp-block-image size-large\"><a href=\"https:\/\/www.ted.com.tr\/wp-content\/uploads\/kd-7b.jpg\"><img loading=\"lazy\" decoding=\"async\" width=\"87\" height=\"150\" src=\"https:\/\/www.ted.com.tr\/wp-content\/uploads\/kd-7b-1.jpg\" alt=\"\" class=\"wp-image-596\"\/><\/a><figcaption>KD-07<\/figcaption><\/figure>\n\n\n\n<figure class=\"wp-block-image size-large\"><a href=\"https:\/\/www.ted.com.tr\/wp-content\/uploads\/kd-8b.jpg\"><img loading=\"lazy\" decoding=\"async\" width=\"81\" height=\"150\" src=\"https:\/\/www.ted.com.tr\/wp-content\/uploads\/kd-8b-1.jpg\" alt=\"\" class=\"wp-image-597\"\/><\/a><figcaption>KD-08<\/figcaption><\/figure>\n\n\n\n<figure class=\"wp-block-image size-large\"><a href=\"https:\/\/www.ted.com.tr\/wp-content\/uploads\/kd-9b.jpg\"><img loading=\"lazy\" decoding=\"async\" width=\"88\" height=\"150\" src=\"https:\/\/www.ted.com.tr\/wp-content\/uploads\/kd-9b-1.jpg\" alt=\"\" class=\"wp-image-599\"\/><\/a><figcaption>KD-09<\/figcaption><\/figure>\n\n\n\n<figure class=\"wp-block-image size-large\"><a href=\"https:\/\/www.ted.com.tr\/wp-content\/uploads\/kd-10b.jpg\"><img loading=\"lazy\" decoding=\"async\" width=\"88\" height=\"150\" src=\"https:\/\/www.ted.com.tr\/wp-content\/uploads\/kd-10b-1.jpg\" alt=\"\" class=\"wp-image-600\"\/><\/a><figcaption>KD-10<\/figcaption><\/figure>\n\n\n\n<figure class=\"wp-block-image size-large\"><a href=\"https:\/\/www.ted.com.tr\/wp-content\/uploads\/kd-11b.jpg\"><img loading=\"lazy\" decoding=\"async\" width=\"88\" height=\"150\" src=\"https:\/\/www.ted.com.tr\/wp-content\/uploads\/kd-11b-1.jpg\" alt=\"\" class=\"wp-image-601\"\/><\/a><figcaption>KD-11<\/figcaption><\/figure>\n\n\n\n<figure class=\"wp-block-image size-large\"><a href=\"https:\/\/www.ted.com.tr\/wp-content\/uploads\/kd-12b.jpg\"><img loading=\"lazy\" decoding=\"async\" width=\"88\" height=\"150\" src=\"https:\/\/www.ted.com.tr\/wp-content\/uploads\/kd-12b-1.jpg\" alt=\"\" class=\"wp-image-602\"\/><\/a><figcaption>KD-12<\/figcaption><\/figure>\n\n\n\n<figure class=\"wp-block-image size-large\"><a href=\"https:\/\/www.ted.com.tr\/wp-content\/uploads\/kd-13b.jpg\"><img loading=\"lazy\" decoding=\"async\" width=\"93\" height=\"150\" src=\"https:\/\/www.ted.com.tr\/wp-content\/uploads\/kd-13b-1.jpg\" alt=\"\" class=\"wp-image-603\"\/><\/a><figcaption>KD-13<\/figcaption><\/figure>\n\n\n\n<figure class=\"wp-block-image size-large\"><a href=\"https:\/\/www.ted.com.tr\/wp-content\/uploads\/kd-14b.jpg\"><img loading=\"lazy\" decoding=\"async\" width=\"93\" height=\"150\" src=\"https:\/\/www.ted.com.tr\/wp-content\/uploads\/kd-14b-1.jpg\" alt=\"\" class=\"wp-image-604\"\/><\/a><figcaption>KD-14<\/figcaption><\/figure>\n\n\n\n<figure class=\"wp-block-image size-large\"><a href=\"https:\/\/www.ted.com.tr\/wp-content\/uploads\/kd-15b.jpg\"><img loading=\"lazy\" decoding=\"async\" width=\"88\" height=\"150\" src=\"https:\/\/www.ted.com.tr\/wp-content\/uploads\/kd-15b-1.jpg\" alt=\"\" class=\"wp-image-605\"\/><\/a><figcaption>KD-15<\/figcaption><\/figure>\n\n\n\n<figure class=\"wp-block-image size-large\"><a href=\"https:\/\/www.ted.com.tr\/wp-content\/uploads\/kd-16b.jpg\"><img loading=\"lazy\" decoding=\"async\" width=\"107\" height=\"150\" src=\"https:\/\/www.ted.com.tr\/wp-content\/uploads\/kd-16b-1.jpg\" alt=\"\" class=\"wp-image-607\"\/><\/a><figcaption>KD-16<\/figcaption><\/figure>\n\n\n\n<figure class=\"wp-block-image size-large\"><a href=\"https:\/\/www.ted.com.tr\/wp-content\/uploads\/kd-17b.jpg\"><img loading=\"lazy\" decoding=\"async\" width=\"95\" height=\"150\" src=\"https:\/\/www.ted.com.tr\/wp-content\/uploads\/kd-17b-1.jpg\" alt=\"\" class=\"wp-image-608\"\/><\/a><figcaption>KD-17<\/figcaption><\/figure>\n\n\n\n<figure class=\"wp-block-image size-large\"><a href=\"https:\/\/www.ted.com.tr\/wp-content\/uploads\/kd-18b.jpg\"><img loading=\"lazy\" decoding=\"async\" width=\"65\" height=\"150\" src=\"https:\/\/www.ted.com.tr\/wp-content\/uploads\/kd-18b-1.jpg\" alt=\"\" class=\"wp-image-609\"\/><\/a><figcaption>KD-18<\/figcaption><\/figure>\n\n\n\n<figure class=\"wp-block-image size-large\"><a href=\"https:\/\/www.ted.com.tr\/wp-content\/uploads\/kd-19b.jpg\"><img loading=\"lazy\" decoding=\"async\" width=\"79\" height=\"150\" src=\"https:\/\/www.ted.com.tr\/wp-content\/uploads\/kd-19b-1.jpg\" alt=\"\" class=\"wp-image-610\"\/><\/a><figcaption>KD-19<\/figcaption><\/figure>\n\n\n\n<figure class=\"wp-block-image size-large\"><a href=\"https:\/\/www.ted.com.tr\/wp-content\/uploads\/kd-20b.jpg\"><img loading=\"lazy\" decoding=\"async\" width=\"79\" height=\"150\" src=\"https:\/\/www.ted.com.tr\/wp-content\/uploads\/kd-20b-1.jpg\" alt=\"\" class=\"wp-image-611\"\/><\/a><figcaption>KD-20<\/figcaption><\/figure>\n\n\n\n<figure class=\"wp-block-image size-large\"><a href=\"https:\/\/www.ted.com.tr\/wp-content\/uploads\/kd-21b.jpg\"><img loading=\"lazy\" decoding=\"async\" width=\"79\" height=\"150\" src=\"https:\/\/www.ted.com.tr\/wp-content\/uploads\/kd-21b-1.jpg\" alt=\"\" class=\"wp-image-612\"\/><\/a><figcaption>KD-21<\/figcaption><\/figure>\n\n\n\n<figure class=\"wp-block-image size-large\"><a href=\"https:\/\/www.ted.com.tr\/wp-content\/uploads\/kd-22b.jpg\"><img loading=\"lazy\" decoding=\"async\" width=\"71\" height=\"150\" src=\"https:\/\/www.ted.com.tr\/wp-content\/uploads\/kd-22b-1.jpg\" alt=\"\" class=\"wp-image-613\"\/><\/a><figcaption>KD-22<\/figcaption><\/figure>\n\n\n\n<figure class=\"wp-block-image size-large\"><a href=\"https:\/\/www.ted.com.tr\/wp-content\/uploads\/kd-23b.jpg\"><img loading=\"lazy\" decoding=\"async\" width=\"58\" height=\"150\" src=\"https:\/\/www.ted.com.tr\/wp-content\/uploads\/kd-23b-1.jpg\" alt=\"\" class=\"wp-image-614\"\/><\/a><figcaption>KD-23<\/figcaption><\/figure>\n\n\n\n<figure class=\"wp-block-image size-large\"><a href=\"https:\/\/www.ted.com.tr\/wp-content\/uploads\/kd-24b.jpg\"><img loading=\"lazy\" decoding=\"async\" width=\"58\" height=\"150\" src=\"https:\/\/www.ted.com.tr\/wp-content\/uploads\/kd-24b-1.jpg\" alt=\"\" class=\"wp-image-617\"\/><\/a><figcaption>KD-24<\/figcaption><\/figure>\n","protected":false},"excerpt":{"rendered":"<p>\u00a0 \u00a0 \u00a0 \u00a0 \u00a0 \u00a0<\/p>\n","protected":false},"author":1,"featured_media":0,"parent":0,"menu_order":0,"comment_status":"closed","ping_status":"closed","template":"","meta":{"footnotes":""},"class_list":["post-581","page","type-page","status-publish","hentry"],"_links":{"self":[{"href":"https:\/\/www.ted.com.tr\/index.php\/wp-json\/wp\/v2\/pages\/581","targetHints":{"allow":["GET"]}}],"collection":[{"href":"https:\/\/www.ted.com.tr\/index.php\/wp-json\/wp\/v2\/pages"}],"about":[{"href":"https:\/\/www.ted.com.tr\/index.php\/wp-json\/wp\/v2\/types\/page"}],"author":[{"embeddable":true,"href":"https:\/\/www.ted.com.tr\/index.php\/wp-json\/wp\/v2\/users\/1"}],"replies":[{"embeddable":true,"href":"https:\/\/www.ted.com.tr\/index.php\/wp-json\/wp\/v2\/comments?post=581"}],"version-history":[{"count":14,"href":"https:\/\/www.ted.com.tr\/index.php\/wp-json\/wp\/v2\/pages\/581\/revisions"}],"predecessor-version":[{"id":860,"href":"https:\/\/www.ted.com.tr\/index.php\/wp-json\/wp\/v2\/pages\/581\/revisions\/860"}],"wp:attachment":[{"href":"https:\/\/www.ted.com.tr\/index.php\/wp-json\/wp\/v2\/media?parent=581"}],"curies":[{"name":"wp","href":"https:\/\/api.w.org\/{rel}","templated":true}]}}